{"id":15802,"date":"2023-07-15T07:43:59","date_gmt":"2023-07-15T07:43:59","guid":{"rendered":"https:\/\/www.ticketswhales.com\/excursion-whale-watching-samana-bay-cano-hondo-los-haitises-from-samana-port\/"},"modified":"2023-07-15T07:43:59","modified_gmt":"2023-07-15T07:43:59","slug":"excursion-whale-watching-samana-bay-cano-hondo-los-haitises-from-samana-port","status":"publish","type":"page","link":"https:\/\/www.boattoursamana.com\/ca\/excursio-observacio-de-balenes-badia-de-samana-cano-hondo-los-haitises-des-del-port-de-samana-2","title":{"rendered":"Excursi\u00f3 Observaci\u00f3 de balenes Badia de Saman\u00e1 + Ca\u00f1o Hondo + Los Haitises des del port de Saman\u00e1"},"content":{"rendered":"<p><span style=\"vertical-align: inherit;\"><span style=\"vertical-align: inherit;\">\u00c9s una excursi\u00f3 privada a l&#039;observatori de vista de ballenas despr\u00e9s del almuerzo a l&#039;albergue ecol\u00f2gic Ca\u00f1o Hondo i al Parc Nacional Los Haitises. <\/span><span style=\"vertical-align: inherit;\">Nadie m\u00e9s ofereix aquesta incre\u00efble experi\u00e8ncia en un viatge d&#039;un sol dia amb guies professionals ecologistes a l&#039;avistament de ballenas. <\/span><span style=\"vertical-align: inherit;\">Si voleu posar-vos en contacte amb nosaltres per rebre assessorament, enviar un correu electr\u00f2nic, Whatsapp o Llamades disponibles. <\/span><span style=\"vertical-align: inherit;\">Per favor reserveu els seus bolets amb temps.<\/span><\/span><br \/>\nn<br \/>\nn&nbsp;<br \/>\nn<br \/>\nn<em><strong><span style=\"vertical-align: inherit;\"><span style=\"vertical-align: inherit;\">Seleccioneu la data de l&#039;excursi\u00f3:<\/span><\/span><\/strong><\/em><\/p>\n<p>&nbsp;<\/p>\n<div class=\"vc_row wpb_row vc_row-fluid\" ><\/div><div class=\"wpb_column vc_column_container vc_col-sm-12\"><div class=\"vc_column-inner\"><div class=\"wpb_wrapper\"><\/div><\/div><\/div><div class=\"mkdf-section-title-holder\" style=\"text-align: left\">\n\t<div class=\"mkdf-st-inner\">\n\t\t\t\t\t<h5 class=\"mkdf-st-subtitle\" >\n\t\t\t\tTours i excursions\t\t\t<\/h5>\n\t\t\t\t\t\t\t<h3 class=\"mkdf-st-title\" >\n\t\t\t\tExcursi\u00f3 Observaci\u00f3 de balenes a la badia de Samana + Cano Hondo + Los Haitises des del port de Saman\u00e0\t\t\t<\/h3>\n\t\t\t\t\t<\/div>\n<\/div>\n\t<div class=\"wpb_text_column wpb_content_element\" >\n\t\t<div class=\"wpb_wrapper\">\n\t\t\t<p>\nn<\/p>\n<div class=\"vc_row wpb_row vc_row-fluid\">\nn<\/p>\n<div class=\"wpb_column vc_column_container vc_col-sm-12\">\nn<\/p>\n<div class=\"vc_column-inner\">\nn<\/p>\n<div class=\"wpb_wrapper\">\nn<\/p>\n<div class=\"wpb_text_column wpb_content_element\">\nn<\/p>\n<div class=\"wpb_wrapper\">\nn<\/p>\n<h3><\/h3>\n<p>nWhale watching in Saman\u00e1 starts from Saman\u00e1 port after Whale watching we will across the bay to visit Ca\u00f1o Hondo Natural pools plus Lunch and Full trip in Los Haitises National Park.<br \/>\nn<br \/>\nAquest viatge comen\u00e7ar\u00e0 a les 9:00 del mat\u00ed i acabar\u00e0 a les 5:00 de la tarda. Reuni\u00f3 abans a la nostra oficina. Despr\u00e9s d&#039;avortar el nostre vaixell privat per visitar les balenes al seu h\u00e0bitat. Des de les 9:00h fins a les 11:00h Observatori de balenes i Despr\u00e9s d&#039;aquest viatge d&#039;observaci\u00f3 de balenes visitarem Ca\u00f1o Hondo per dinar i banyar-nos a piscines naturals i acabar amb un viatge complet al Parc Nacional Los Haitises. Aquesta excursi\u00f3 finalitzar\u00e0 al mateix port des d&#039;on comen\u00e7ar\u00e0 a les 17:00h.<br \/>\nn<br \/>\nn<strong>Nota: Aquesta \u00e9s una excursi\u00f3 privada.\u00a0<\/strong><br \/>\nn<\/p>\n<ul>\nn \t<\/p>\n<li>Viatge d&#039;observaci\u00f3 de balenes<\/li>\n<p>n \t<\/p>\n<li>Tour al Parc Nacional Los Haitises<\/li>\n<p>n \t<\/p>\n<li>Ca\u00f1o Hondo, Dinar i Piscines<\/li>\n<p>n \t<\/p>\n<li>Preu d&#039;entrada a l&#039;Observatori<\/li>\n<p>n \t<\/p>\n<li>Trasllat en vaixell<\/li>\n<p>n \t<\/p>\n<li>El capit\u00e0 proporciona instrucci\u00f3 i supervisi\u00f3<\/li>\n<p>n \t<\/p>\n<li>Guia tur\u00edstica<\/li>\n<p>n<\/ul>\n<p>n&nbsp;<br \/>\nn<\/p>\n<h4><b>Inclusions i exclusions<\/b><\/h4>\n<p>n&nbsp;<br \/>\nn<br \/>\nn<b>Inclusions<\/b><br \/>\nn<\/p>\n<ol>\nn \t<\/p>\n<li>Dinar bufet al Ca\u00f1o Hondo<\/li>\n<p>n \t<\/p>\n<li>Piscines Naturals<\/li>\n<p>n \t<\/p>\n<li>Observaci\u00f3 de balenes a la badia de Saman\u00e1<\/li>\n<p>n \t<\/p>\n<li>Parc Nacional Los Haitises, Coves, Manglars i Badia de San Lorenzo<\/li>\n<p>n \t<\/p>\n<li>Guia tur\u00edstica<\/li>\n<p>n \t<\/p>\n<li>Excursi\u00f3 en catamar\u00e0 o vaixell<\/li>\n<p>n \t<\/p>\n<li>Tots els impostos, taxes i despeses de gesti\u00f3<\/li>\n<p>n \t<\/p>\n<li>Impostos locals<\/li>\n<p>n \t<\/p>\n<li>Begudes<\/li>\n<p>n<\/ol>\n<p>n<b>Exclusions<\/b><br \/>\nn<\/p>\n<ol>\nn \t<\/p>\n<li>Propostes<\/li>\n<p>n \t<\/p>\n<li>Cotxe de trasllat<\/li>\n<p>n \t<\/p>\n<li>Begudes alcoh\u00f2liques<\/li>\n<p>n<\/ol>\n<p>n&nbsp;<br \/>\nn<\/p>\n<h4><em><strong>Sortida i tornada<\/strong><\/em><\/h4>\n<p>nEl viatger obtindr\u00e0 un punt de trobada despr\u00e9s del proc\u00e9s de reserva. Les visites comencen i acaben als nostres punts de trobada.<br \/>\nn<br \/>\nn&nbsp;<br \/>\nn<\/p>\n<h4><b><i>Qu\u00e8 esperar?<\/i><\/b><\/h4>\n<p>n&nbsp;<br \/>\nn<br \/>\nn<em><strong>Aconsegueix les teves entrades<\/strong><\/em> per a una excursi\u00f3 d&#039;un dia d&#039;observaci\u00f3 de balenes a la badia de Samana, un meravell\u00f3s dinar i una estona a la platja i visitant el Parc Nacional Los Haitises.<br \/>\nn<br \/>\nEl Daypass per a l&#039;observaci\u00f3 de balenes, organitzat per \u201cBooking Adventures\u201d, comen\u00e7a al punt de trobada establert amb el Guia Tur\u00edstic. Dinar a la platja i pots quedar-te tot el temps que vulguis nedant. Si ets veg\u00e0 tamb\u00e9 et podem preparar una mica de menjar.<br \/>\nn<br \/>\nn<strong>Horari:<\/strong><br \/>\nn<br \/>\nn8:45 AM \u2013 5:00 PM<br \/>\nn<br \/>\nn&nbsp;<br \/>\nn<\/p>\n<h4><em><strong>Qu\u00e8 hauries de portar?<\/strong><\/em><\/h4>\n<p>n<\/p>\n<ul>\nn \t<\/p>\n<li>C\u00e0mera<\/li>\n<p>n \t<\/p>\n<li>Brots repel\u00b7lents<\/li>\n<p>n \t<\/p>\n<li>crema per al sol<\/li>\n<p>n \t<\/p>\n<li>Barret<\/li>\n<p>n \t<\/p>\n<li>Pantalons c\u00f2modes<\/li>\n<p>n \t<\/p>\n<li>Sand\u00e0lies a la platja<\/li>\n<p>n \t<\/p>\n<li>Roba de bany<\/li>\n<p>n \t<\/p>\n<li>Diners en efectiu per a records<\/li>\n<p>n<\/ul>\n<p>n&nbsp;<br \/>\nn<\/p>\n<h4><b><i>Recollida a l&#039;hotel<\/i><\/b><\/h4>\n<p>n No s&#039;ofereix servei de recollida a l&#039;hotel per a aquesta excursi\u00f3.<br \/>\nn<br \/>\nn&nbsp;<br \/>\nn<br \/>\nn<b>Nota:<\/b>\u00a0Si feu la reserva dins de les 24 hores posteriors a l&#039;hora de sortida de l&#039;excursi\u00f3\/excursi\u00f3, podem organitzar la recollida a l&#039;hotel amb c\u00e0rrecs addicionals. Un cop completada la compra, us enviarem la informaci\u00f3 de contacte completa (n\u00famero de tel\u00e8fon, adre\u00e7a de correu electr\u00f2nic, etc.) perqu\u00e8 el nostre guia local organitzi la recollida.<br \/>\nn<\/p>\n<h4><b><i>Confirmaci\u00f3 d&#039;informaci\u00f3 addicional<\/i><\/b><\/h4>\n<p>n<\/p>\n<ol>\nn \t<\/p>\n<li>Les entrades s\u00f3n el Rebut despr\u00e9s de pagar aquest Tour. Podeu mostrar el pagament al vostre tel\u00e8fon.<\/li>\n<p>n \t<\/p>\n<li>El punt de trobada es rebr\u00e0 despr\u00e9s del proc\u00e9s de reserva.<\/li>\n<p>n \t<\/p>\n<li>Els nens han d&#039;anar acompanyats d&#039;un adult.<\/li>\n<p>n \t<\/p>\n<li>accessible amb cadira de rodes<\/li>\n<p>n \t<\/p>\n<li>Els nadons han de seure a les faldes<\/li>\n<p>n \t<\/p>\n<li>La majoria dels viatgers poden participar<\/li>\n<p>n<\/ol>\n<p>n<\/p>\n<h4><b><i>Pol\u00edtica de cancel \u00b7 laci\u00f3<\/i><\/b><\/h4>\n<p>nPer obtenir un reemborsament complet, llegiu les nostres pol\u00edtiques de cancel\u00b7lacions\u00a0<a href=\"https:\/\/www.boattoursamana.com\/ca\/reserva-en-linia\/\" target=\"_blank\" rel=\"noopener\" data-saferedirecturl=\"https:\/\/www.google.com\/url?q=https:\/\/www.boattoursamana.com\/online-booking\/&amp;source=gmail&amp;ust=1672449202351000&amp;usg=AOvVaw1yAeVAPktmaVCqDujgUn90\">Clica aqu\u00ed<\/a>. Els fons es perdran si la reserva es cancel\u00b7la el mateix dia del viatge.<br \/>\nn<br \/>\nn<\/div>\n<p>n\n<\/p><\/div>\n<p>n\n<\/p><\/div>\n<p>n\n<\/p><\/div>\n<p>n\n<\/p><\/div>\n<p>n\n<\/p><\/div>\n<p>n<\/p>\n<div class=\"vc_row wpb_row vc_row-fluid\">\nn<\/p>\n<div class=\"wpb_column vc_column_container vc_col-sm-12\">\nn<\/p>\n<div class=\"vc_column-inner\">\nn<\/p>\n<div class=\"wpb_wrapper\">\nn<\/p>\n<div class=\"wpb_text_column wpb_content_element\">\nn<\/p>\n<div class=\"wpb_wrapper\">\nn<\/p>\n<h4>Contactar amb nosaltres?<\/h4>\n<p>n<\/p>\n<h5><b><i>TOUR LES BALENES SAMANA<\/i><\/b><\/h5>\n<p>n<em><strong>Locals<\/strong>\u00a0i\u00a0<strong>Nacionals<\/strong>\u00a0Guies tur\u00edstics i serveis als convidats<\/em><br \/>\nn<br \/>\nn<span class=\"text-turquoise\">Reserves:<\/span>\u00a0Tours i excursions a Dom. Rep.<br \/>\nn<br \/>\nn<img decoding=\"async\" class=\"emoji\" draggable=\"false\" src=\"https:\/\/s.w.org\/images\/core\/emoji\/11.2.0\/svg\/1f4de.svg\" alt=\" \" title=\"\">\u00a0Tel\/Whatsapp\u00a0\u00a0<a href=\"tel:+1-809-720-6035\">+1-809-720-6035<\/a>.<br \/>\nn<br \/>\nn<img decoding=\"async\" class=\"emoji\" draggable=\"false\" src=\"https:\/\/s.w.org\/images\/core\/emoji\/11.2.0\/svg\/1f4e9.svg\" alt=\" \" title=\"\">\u00a0<a href=\"mailto:info@bookingadventures.com.do\">info@bookingadventures.com.do<\/a><br \/>\nn<br \/>\nn<strong>Som flexibles per configurar visites privades per Whatsapp:\u00a0<a href=\"tel:+18097206035\">+18097206035.<\/a><\/strong><br \/>\nn<br \/>\nn<\/div>\n<p>n\n<\/p><\/div>\n<p>n\n<\/p><\/div>\n<p>n\n<\/p><\/div>\n<p>n\n<\/p><\/div>\n<p>n\n<\/p><\/div>\n<p>n<\/p>\n\n\t\t<\/div>\n\t<\/div>\n<div class=\"mkdf-section-title-holder\" style=\"text-align: left\">\n\t<div class=\"mkdf-st-inner\">\n\t\t\t\t\t<h5 class=\"mkdf-st-subtitle\" >\n\t\t\t\tVisites i excursions privades\t\t\t<\/h5>\n\t\t\t\t\t\t\t<h3 class=\"mkdf-st-title\" >\n\t\t\t\tExcursi\u00f3 privada Observaci\u00f3 de balenes a la badia de Samana + Cano Hondo + Los Haitises des del port de Saman\u00e0\t\t\t<\/h3>\n\t\t\t\t\t<\/div>\n<\/div>\n\t<div class=\"wpb_text_column wpb_content_element\" >\n\t\t<div class=\"wpb_wrapper\">\n\t\t\t<p>\nn<br \/>\nS\u00f3c bloc de text. Feu clic al bot\u00f3 Edita per canviar aquest text. Lorem ipsum dolor sit amet, consectetur adipiscing elit. Ut elit tellus, luctus nec ullamcorper mattis, pulvinar dapibus leo.<br \/>\nn<br \/>\nn<\/p>\n\n\t\t<\/div>\n\t<\/div>","protected":false},"excerpt":{"rendered":"<p>Esta es una excursi\u00f3n privada al observatorio de avistamiento de ballenas despu\u00e9s del almuerzo en el albergue ecol\u00f3gico Ca\u00f1o Hondo y el Parque Nacional Los Haitises. Nadie m\u00e1s ofrece esta incre\u00edble experiencia en un viaje de un solo d\u00eda con gu\u00edas profesionales ecologistas en el avistamiento de ballenas. Si desea ponerse en contacto con nosotros para recibir asesoramiento, env\u00ede un correo electr\u00f3nico, Whatsapp o Llamadas disponibles. Por favor reserve sus boletos con tiempo. n n&nbsp; n nSeleccione la fecha de [&hellip;]<\/p>\n","protected":false},"author":2,"featured_media":0,"parent":0,"menu_order":0,"comment_status":"open","ping_status":"closed","template":"","meta":{"footnotes":""},"class_list":["post-15802","page","type-page","status-publish","hentry"],"_links":{"self":[{"href":"https:\/\/www.boattoursamana.com\/ca\/wp-json\/wp\/v2\/pages\/15802","targetHints":{"allow":["GET"]}}],"collection":[{"href":"https:\/\/www.boattoursamana.com\/ca\/wp-json\/wp\/v2\/pages"}],"about":[{"href":"https:\/\/www.boattoursamana.com\/ca\/wp-json\/wp\/v2\/types\/page"}],"author":[{"embeddable":true,"href":"https:\/\/www.boattoursamana.com\/ca\/wp-json\/wp\/v2\/users\/2"}],"replies":[{"embeddable":true,"href":"https:\/\/www.boattoursamana.com\/ca\/wp-json\/wp\/v2\/comments?post=15802"}],"version-history":[{"count":0,"href":"https:\/\/www.boattoursamana.com\/ca\/wp-json\/wp\/v2\/pages\/15802\/revisions"}],"wp:attachment":[{"href":"https:\/\/www.boattoursamana.com\/ca\/wp-json\/wp\/v2\/media?parent=15802"}],"curies":[{"name":"wp","href":"https:\/\/api.w.org\/{rel}","templated":true}]}}

Excursió Observació de balenes Badia de Samaná + Caño Hondo + Los Haitises des del port de Samaná

<p><span style="vertical-align: inherit;"><span style="vertical-align: inherit;">És una excursió privada a l&#039;observatori de vista de ballenas després del almuerzo a l&#039;albergue ecològic Caño Hondo i al Parc Nacional Los Haitises. </span><span style="vertical-align: inherit;">Nadie més ofereix aquesta increïble experiència en un viatge d&#039;un sol dia amb guies professionals ecologistes a l&#039;avistament de ballenas. </span><span style="vertical-align: inherit;">Si voleu posar-vos en contacte amb nosaltres per rebre assessorament, enviar un correu electrònic, Whatsapp o Llamades disponibles. </span><span style="vertical-align: inherit;">Per favor reserveu els seus bolets amb temps.</span></span><br />
n<br />
n&nbsp;<br />
n<br />
n<em><strong><span style="vertical-align: inherit;"><span style="vertical-align: inherit;">Seleccioneu la data de l&#039;excursió:</span></span></strong></em></p>
<p>&nbsp;</p>
<div class="vc_row wpb_row vc_row-fluid" ></div><div class="wpb_column vc_column_container vc_col-sm-12"><div class="vc_column-inner"><div class="wpb_wrapper"></div></div></div><div class="mkdf-section-title-holder" style="text-align: left">
	<div class="mkdf-st-inner">
					<h5 class="mkdf-st-subtitle" >
				Tours i excursions			</h5>
							<h3 class="mkdf-st-title" >
				Excursió Observació de balenes a la badia de Samana + Cano Hondo + Los Haitises des del port de Samanà			</h3>
					</div>
</div>
	<div class="wpb_text_column wpb_content_element" >
		<div class="wpb_wrapper">
			<p>
n</p>
<div class="vc_row wpb_row vc_row-fluid">
n</p>
<div class="wpb_column vc_column_container vc_col-sm-12">
n</p>
<div class="vc_column-inner">
n</p>
<div class="wpb_wrapper">
n</p>
<div class="wpb_text_column wpb_content_element">
n</p>
<div class="wpb_wrapper">
n</p>
<h3></h3>
<p>nWhale watching in Samaná starts from Samaná port after Whale watching we will across the bay to visit Caño Hondo Natural pools plus Lunch and Full trip in Los Haitises National Park.<br />
n<br />
Aquest viatge començarà a les 9:00 del matí i acabarà a les 5:00 de la tarda. Reunió abans a la nostra oficina. Després d&#039;avortar el nostre vaixell privat per visitar les balenes al seu hàbitat. Des de les 9:00h fins a les 11:00h Observatori de balenes i Després d&#039;aquest viatge d&#039;observació de balenes visitarem Caño Hondo per dinar i banyar-nos a piscines naturals i acabar amb un viatge complet al Parc Nacional Los Haitises. Aquesta excursió finalitzarà al mateix port des d&#039;on començarà a les 17:00h.<br />
n<br />
n<strong>Nota: Aquesta és una excursió privada. </strong><br />
n</p>
<ul>
n 	</p>
<li>Viatge d&#039;observació de balenes</li>
<p>n 	</p>
<li>Tour al Parc Nacional Los Haitises</li>
<p>n 	</p>
<li>Caño Hondo, Dinar i Piscines</li>
<p>n 	</p>
<li>Preu d&#039;entrada a l&#039;Observatori</li>
<p>n 	</p>
<li>Trasllat en vaixell</li>
<p>n 	</p>
<li>El capità proporciona instrucció i supervisió</li>
<p>n 	</p>
<li>Guia turística</li>
<p>n</ul>
<p>n&nbsp;<br />
n</p>
<h4><b>Inclusions i exclusions</b></h4>
<p>n&nbsp;<br />
n<br />
n<b>Inclusions</b><br />
n</p>
<ol>
n 	</p>
<li>Dinar bufet al Caño Hondo</li>
<p>n 	</p>
<li>Piscines Naturals</li>
<p>n 	</p>
<li>Observació de balenes a la badia de Samaná</li>
<p>n 	</p>
<li>Parc Nacional Los Haitises, Coves, Manglars i Badia de San Lorenzo</li>
<p>n 	</p>
<li>Guia turística</li>
<p>n 	</p>
<li>Excursió en catamarà o vaixell</li>
<p>n 	</p>
<li>Tots els impostos, taxes i despeses de gestió</li>
<p>n 	</p>
<li>Impostos locals</li>
<p>n 	</p>
<li>Begudes</li>
<p>n</ol>
<p>n<b>Exclusions</b><br />
n</p>
<ol>
n 	</p>
<li>Propostes</li>
<p>n 	</p>
<li>Cotxe de trasllat</li>
<p>n 	</p>
<li>Begudes alcohòliques</li>
<p>n</ol>
<p>n&nbsp;<br />
n</p>
<h4><em><strong>Sortida i tornada</strong></em></h4>
<p>nEl viatger obtindrà un punt de trobada després del procés de reserva. Les visites comencen i acaben als nostres punts de trobada.<br />
n<br />
n&nbsp;<br />
n</p>
<h4><b><i>Què esperar?</i></b></h4>
<p>n&nbsp;<br />
n<br />
n<em><strong>Aconsegueix les teves entrades</strong></em> per a una excursió d&#039;un dia d&#039;observació de balenes a la badia de Samana, un meravellós dinar i una estona a la platja i visitant el Parc Nacional Los Haitises.<br />
n<br />
El Daypass per a l&#039;observació de balenes, organitzat per “Booking Adventures”, comença al punt de trobada establert amb el Guia Turístic. Dinar a la platja i pots quedar-te tot el temps que vulguis nedant. Si ets vegà també et podem preparar una mica de menjar.<br />
n<br />
n<strong>Horari:</strong><br />
n<br />
n8:45 AM – 5:00 PM<br />
n<br />
n&nbsp;<br />
n</p>
<h4><em><strong>Què hauries de portar?</strong></em></h4>
<p>n</p>
<ul>
n 	</p>
<li>Càmera</li>
<p>n 	</p>
<li>Brots repel·lents</li>
<p>n 	</p>
<li>crema per al sol</li>
<p>n 	</p>
<li>Barret</li>
<p>n 	</p>
<li>Pantalons còmodes</li>
<p>n 	</p>
<li>Sandàlies a la platja</li>
<p>n 	</p>
<li>Roba de bany</li>
<p>n 	</p>
<li>Diners en efectiu per a records</li>
<p>n</ul>
<p>n&nbsp;<br />
n</p>
<h4><b><i>Recollida a l&#039;hotel</i></b></h4>
<p>n No s&#039;ofereix servei de recollida a l&#039;hotel per a aquesta excursió.<br />
n<br />
n&nbsp;<br />
n<br />
n<b>Nota:</b> Si feu la reserva dins de les 24 hores posteriors a l&#039;hora de sortida de l&#039;excursió/excursió, podem organitzar la recollida a l&#039;hotel amb càrrecs addicionals. Un cop completada la compra, us enviarem la informació de contacte completa (número de telèfon, adreça de correu electrònic, etc.) perquè el nostre guia local organitzi la recollida.<br />
n</p>
<h4><b><i>Confirmació d&#039;informació addicional</i></b></h4>
<p>n</p>
<ol>
n 	</p>
<li>Les entrades són el Rebut després de pagar aquest Tour. Podeu mostrar el pagament al vostre telèfon.</li>
<p>n 	</p>
<li>El punt de trobada es rebrà després del procés de reserva.</li>
<p>n 	</p>
<li>Els nens han d&#039;anar acompanyats d&#039;un adult.</li>
<p>n 	</p>
<li>accessible amb cadira de rodes</li>
<p>n 	</p>
<li>Els nadons han de seure a les faldes</li>
<p>n 	</p>
<li>La majoria dels viatgers poden participar</li>
<p>n</ol>
<p>n</p>
<h4><b><i>Política de cancel · lació</i></b></h4>
<p>nPer obtenir un reemborsament complet, llegiu les nostres polítiques de cancel·lacions <a href="https://www.boattoursamana.com/ca/reserva-en-linia/" target="_blank" rel="noopener" data-saferedirecturl="https://www.google.com/url?q=https://www.boattoursamana.com/online-booking/&amp;source=gmail&amp;ust=1672449202351000&amp;usg=AOvVaw1yAeVAPktmaVCqDujgUn90">Clica aquí</a>. Els fons es perdran si la reserva es cancel·la el mateix dia del viatge.<br />
n<br />
n</div>
<p>n
</p></div>
<p>n
</p></div>
<p>n
</p></div>
<p>n
</p></div>
<p>n
</p></div>
<p>n</p>
<div class="vc_row wpb_row vc_row-fluid">
n</p>
<div class="wpb_column vc_column_container vc_col-sm-12">
n</p>
<div class="vc_column-inner">
n</p>
<div class="wpb_wrapper">
n</p>
<div class="wpb_text_column wpb_content_element">
n</p>
<div class="wpb_wrapper">
n</p>
<h4>Contactar amb nosaltres?</h4>
<p>n</p>
<h5><b><i>TOUR LES BALENES SAMANA</i></b></h5>
<p>n<em><strong>Locals</strong> i <strong>Nacionals</strong> Guies turístics i serveis als convidats</em><br />
n<br />
n<span class="text-turquoise">Reserves:</span> Tours i excursions a Dom. Rep.<br />
n<br />
n<img decoding="async" class="emoji" draggable="false" src="https://s.w.org/images/core/emoji/11.2.0/svg/1f4de.svg" alt=" " title=""> Tel/Whatsapp  <a href="tel:+1-809-720-6035">+1-809-720-6035</a>.<br />
n<br />
n<img decoding="async" class="emoji" draggable="false" src="https://s.w.org/images/core/emoji/11.2.0/svg/1f4e9.svg" alt=" " title=""> <a href="mailto:info@bookingadventures.com.do">info@bookingadventures.com.do</a><br />
n<br />
n<strong>Som flexibles per configurar visites privades per Whatsapp: <a href="tel:+18097206035">+18097206035.</a></strong><br />
n<br />
n</div>
<p>n
</p></div>
<p>n
</p></div>
<p>n
</p></div>
<p>n
</p></div>
<p>n
</p></div>
<p>n</p>

		</div>
	</div>
<div class="mkdf-section-title-holder" style="text-align: left">
	<div class="mkdf-st-inner">
					<h5 class="mkdf-st-subtitle" >
				Visites i excursions privades			</h5>
							<h3 class="mkdf-st-title" >
				Excursió privada Observació de balenes a la badia de Samana + Cano Hondo + Los Haitises des del port de Samanà			</h3>
					</div>
</div>
	<div class="wpb_text_column wpb_content_element" >
		<div class="wpb_wrapper">
			<p>
n<br />
Sóc bloc de text. Feu clic al botó Edita per canviar aquest text. Lorem ipsum dolor sit amet, consectetur adipiscing elit. Ut elit tellus, luctus nec ullamcorper mattis, pulvinar dapibus leo.<br />
n<br />
n</p>

		</div>
	</div>

<p>Esta es una excursión privada al observatorio de avistamiento de ballenas después del almuerzo en el albergue ecológico Caño Hondo y el Parque Nacional Los Haitises. Nadie más ofrece esta increíble experiencia en un viaje de un solo día con guías profesionales ecologistas en el avistamiento de ballenas. Si desea ponerse en contacto con nosotros para recibir asesoramiento, envíe un correo electrónico, Whatsapp o Llamadas disponibles. Por favor reserve sus boletos con tiempo. n n&nbsp; n nSeleccione la fecha de [&hellip;]</p>
