{"id":12753,"date":"2021-08-25T18:55:24","date_gmt":"2021-08-25T18:55:24","guid":{"rendered":"https:\/\/www.ticketswhales.com\/?post_type=product&#038;p=12753"},"modified":"2023-11-06T10:40:26","modified_gmt":"2023-11-06T10:40:26","slug":"montana-redonda-miches-round-mountain-day-pass-lunch-incluided","status":"publish","type":"product","link":"https:\/\/www.boattoursamana.com\/ca\/gira\/montana-redonda-miches-rodona-muntanya-dia-pass-dinar-inclos","title":{"rendered":"Forfet d&#039;un dia de Montana Redonda Miches. Dinar incl\u00f2s."},"content":{"rendered":"<div class=\"vc_row wpb_row vc_row-fluid\" ><div class=\"wpb_column vc_column_container vc_col-sm-12\"><div class=\"vc_column-inner\"><div class=\"wpb_wrapper\"><div class=\"vc_btn3-container vc_btn3-inline\" ><button class=\"vc_general vc_btn3 vc_btn3-size-md vc_btn3-shape-rounded vc_btn3-style-modern vc_btn3-color-green\">RESERVAR ARA<\/button><\/div>\n\t<div class=\"wpb_text_column wpb_content_element\" >\n\t\t<div class=\"wpb_wrapper\">\n\t\t\t<h2><strong>Forfet d&#039;un dia de Montana Redonda Miches.<\/strong><\/h2>\n\n\t\t<\/div>\n\t<\/div>\n<\/div><\/div><\/div><\/div><div class=\"vc_row wpb_row vc_row-fluid\" ><div class=\"wpb_column vc_column_container vc_col-sm-12\"><div class=\"vc_column-inner\"><div class=\"wpb_wrapper\">\n\t<div class=\"wpb_text_column wpb_content_element\" >\n\t\t<div class=\"wpb_wrapper\">\n\t\t\t<h3>Forfet d&#039;un dia de Montana Redonda Miches. Dinar incl\u00f2s.<\/h3>\n<h4><b><i>Visi\u00f3 general <\/i><\/b><\/h4>\n<p>Puja a un cami\u00f3 zafari i porta&#039;ns al cim mentre gaudeixes de vistes panor\u00e0miques de la natura i l&#039;oce\u00e0. Quan arribis al cim tindr\u00e0s l&#039;oportunitat de sorprendre&#039;t i enamorar-te de la bellesa de la narutaleza mentre fas unes fotos incre\u00efbles. Dinareu i temps per relaxar-vos en aquest parad\u00eds. Seguiu amb una vista panor\u00e0mica de 360 graus a la famosa muntanya de Montana Redonda, a 1000 peus d&#039;al\u00e7ada, on gaudireu d&#039;un \u00e0pat mirant els ocells que volen i d&#039;una vista verda i espectacular de la natura.<\/p>\n<p>Despr\u00e9s d&#039;aquesta experi\u00e8ncia, tornareu a The Safari per portar-vos al nostre punt de trobada.<\/p>\n<ul>\n<li style=\"font-weight: 400;\">Tarifes incloses<\/li>\n<li>Dinar<\/li>\n<li>Transport des del punt de trobada.<\/li>\n<li>Montana Redonda<\/li>\n<\/ul>\n<h4><b>Inclusions i exclusions<\/b><\/h4>\n<p><b>Inclusions<\/b><\/p>\n<ol>\n<li>Montana Redonda<\/li>\n<li>Dinar<\/li>\n<li style=\"font-weight: 400;\"><span style=\"font-weight: 400;\">Tots els impostos, taxes i despeses de gesti\u00f3<\/span><\/li>\n<li style=\"font-weight: 400;\"><span style=\"font-weight: 400;\">Impostos locals<\/span><\/li>\n<li style=\"font-weight: 400;\"><span style=\"font-weight: 400;\">Begudes<\/span><\/li>\n<li style=\"font-weight: 400;\"><span style=\"font-weight: 400;\">Totes les activitats<\/span><\/li>\n<li style=\"font-weight: 400;\"><span style=\"font-weight: 400;\">Guia local<\/span><\/li>\n<\/ol>\n<p><b> Exclusions<\/b><\/p>\n<ol>\n<li style=\"font-weight: 400;\"><span style=\"font-weight: 400;\">Propostes<\/span><\/li>\n<li style=\"font-weight: 400;\"><span style=\"font-weight: 400;\">Begudes alcoh\u00f2liques<\/span><\/li>\n<\/ol>\n<p>&nbsp;<\/p>\n<h4><em><strong>Sortida i tornada<\/strong><\/em><\/h4>\n<p><span style=\"font-weight: 400;\">El viatger obtindr\u00e0 un punt de trobada despr\u00e9s del proc\u00e9s de reserva. Les visites comencen i acaben als vostres punts de trobada.<\/span><\/p>\n<h4><\/h4>\n<h3>Forfet d&#039;un dia de Montana Redonda Miches. Dinar incl\u00f2s.<\/h3>\n<h4><b><i>Qu\u00e8 esperar?<\/i><\/b><\/h4>\n<p><em><strong>Aconsegueix les teves entrades<\/strong><\/em> per visitar la Montana Redonda a Miches, \u00e9s un lloc inoblidable, en estar envoltat de la natura del camp, gaudir d&#039;una vista panor\u00e0mica, on el reflex de les llacunes es combinen amb la sortida del sol a la platja i la posta de sol amb el verd del muntanyes, aire pur i ocells cantors, pau i tranquil\u00b7litat que ens omple les ganes de quedar-nos.<\/p>\n<div class=\"body-description secondary\">\n<p>Aquest lloc es fa un dinar t\u00edpic, si ets veg\u00e0 no et preocupis tamb\u00e9 tenim menjar per a tu!<\/p>\n<p>Despr\u00e9s de dinar, podeu decidir quan acabar el viatge.<\/p>\n<\/div>\n<p>En cas que us agradi aquest viatge m\u00e9s llarg o m\u00e9s curt, poseu-vos en contacte amb nosaltres.<\/p>\n<p>&nbsp;<\/p>\n<h4><em><strong>Qu\u00e8 hauries de portar?<\/strong><\/em><\/h4>\n<ul>\n<li style=\"font-weight: 400;\"><span style=\"font-weight: 400;\">C\u00e0mera<\/span><\/li>\n<li style=\"font-weight: 400;\"><span style=\"font-weight: 400;\">Brots repel\u00b7lents<\/span><\/li>\n<li style=\"font-weight: 400;\"><span style=\"font-weight: 400;\">Crema per al sol<\/span><\/li>\n<li style=\"font-weight: 400;\"><span style=\"font-weight: 400;\">Barret<\/span><\/li>\n<li style=\"font-weight: 400;\"><span style=\"font-weight: 400;\">Pantalons c\u00f2modes<\/span><\/li>\n<li style=\"font-weight: 400;\"><span style=\"font-weight: 400;\">Sabates de muntanya per al bosc<\/span><\/li>\n<\/ul>\n<p>&nbsp;<\/p>\n<h4><b><i>Recollida a l&#039;hotel <\/i><\/b><\/h4>\n<p><span style=\"font-weight: 400;\">No s&#039;ofereix servei de recollida a l&#039;hotel per a aquesta excursi\u00f3.<br \/>\n<\/span><\/p>\n<p>&nbsp;<\/p>\n<p><b>Nota:<\/b><span style=\"font-weight: 400;\"> Si feu la reserva dins de les 24 hores posteriors a l&#039;hora de sortida de l&#039;excursi\u00f3\/excursi\u00f3, podem organitzar la recollida a l&#039;hotel amb c\u00e0rrecs addicionals. Un cop completada la compra, us enviarem la informaci\u00f3 de contacte completa (n\u00famero de tel\u00e8fon, adre\u00e7a de correu electr\u00f2nic, etc.) perqu\u00e8 el nostre guia local organitzi la recollida.<\/span><\/p>\n<h4><b><i>Confirmaci\u00f3 d&#039;informaci\u00f3 addicional <\/i><\/b><\/h4>\n<ol>\n<li>Les entrades s\u00f3n el Rebut despr\u00e9s de pagar aquest Tour. Podeu mostrar el pagament al vostre tel\u00e8fon.<\/li>\n<li style=\"font-weight: 400;\"><span style=\"font-weight: 400;\">El punt de trobada es rebr\u00e0 despr\u00e9s del proc\u00e9s de reserva.<\/span><\/li>\n<li style=\"font-weight: 400;\"><span style=\"font-weight: 400;\">Els nens han d&#039;anar acompanyats d&#039;un adult.<\/span><\/li>\n<li style=\"font-weight: 400;\"><span style=\"font-weight: 400;\"> No accessible amb cadira de rodes <\/span><\/li>\n<li style=\"font-weight: 400;\"><span style=\"font-weight: 400;\">Els nadons han de seure a les faldes <\/span><\/li>\n<li style=\"font-weight: 400;\"><span style=\"font-weight: 400;\">No recomanat per a viatgers amb problemes d&#039;esquena<\/span><\/li>\n<li style=\"font-weight: 400;\"><span style=\"font-weight: 400;\">No recomanat per a viatgers embarassades <\/span><\/li>\n<li style=\"font-weight: 400;\"><span style=\"font-weight: 400;\"> Sense problemes card\u00edacs ni altres afeccions m\u00e8diques greus <\/span><\/li>\n<li style=\"font-weight: 400;\"><span style=\"font-weight: 400;\">La majoria dels viatgers poden participar<\/span><\/li>\n<\/ol>\n<h4><b><i>Pol\u00edtica de cancel \u00b7 laci\u00f3<\/i><\/b><\/h4>\n<p>Per obtenir un reemborsament complet, llegiu les nostres pol\u00edtiques de cancel\u00b7lacions\u00a0<a href=\"https:\/\/www.boattoursamana.com\/ca\/reserva-en-linia\/\" target=\"_blank\" rel=\"noopener\" data-saferedirecturl=\"https:\/\/www.google.com\/url?q=https:\/\/www.boattoursamana.com\/online-booking\/&amp;source=gmail&amp;ust=1672449202351000&amp;usg=AOvVaw1yAeVAPktmaVCqDujgUn90\">Clica aqu\u00ed<\/a>. Els fons es perdran si la reserva es cancel\u00b7la el mateix dia del viatge.<\/p>\n\n\t\t<\/div>\n\t<\/div>\n<\/div><\/div><\/div><\/div><div class=\"vc_row wpb_row vc_row-fluid\" ><div class=\"wpb_column vc_column_container vc_col-sm-12\"><div class=\"vc_column-inner\"><div class=\"wpb_wrapper\"><div class=\"vc_empty_space\"   style=\"height: 32px\"><span class=\"vc_empty_space_inner\"><\/span><\/div><div class=\"vc_btn3-container vc_btn3-inline\" ><button class=\"vc_general vc_btn3 vc_btn3-size-md vc_btn3-shape-rounded vc_btn3-style-modern vc_btn3-color-green\">RESERVAR ARA<\/button><\/div>\n\t<div class=\"wpb_video_widget wpb_content_element vc_clearfix   vc_video-aspect-ratio-169 vc_video-el-width-100 vc_video-align-left\" >\n\t\t<div class=\"wpb_wrapper\">\n\t\t\t<h2 class=\"wpb_heading wpb_video_heading\">V\u00eddeo de Montana Redonda:<\/h2>\n\t\t\t<div class=\"wpb_video_wrapper\"><iframe loading=\"lazy\" title=\"Monta\u00f1a Redonda | Punta Cana | Rep\u00fablica Dominicana | Miches\" width=\"1100\" height=\"619\" src=\"https:\/\/www.youtube.com\/embed\/VMXCABYGIYs?feature=oembed\" frameborder=\"0\" allow=\"accelerometer; autoplay; clipboard-write; encrypted-media; gyroscope; picture-in-picture\" allowfullscreen><\/iframe><\/div>\n\t\t<\/div>\n\t<\/div>\n<div class=\"vc_empty_space\"   style=\"height: 32px\"><span class=\"vc_empty_space_inner\"><\/span><\/div><\/div><\/div><\/div><\/div><div class=\"vc_row wpb_row vc_row-fluid\" ><\/div><div class=\"wpb_column vc_column_container vc_col-sm-12\"><div class=\"vc_column-inner\"><div class=\"wpb_wrapper\"><\/div><\/div><\/div><div class=\"vc_empty_space\"   style=\"height: 32px\"><span class=\"vc_empty_space_inner\"><\/span><\/div><div class=\"vc_empty_space\"   style=\"height: 32px\"><span class=\"vc_empty_space_inner\"><\/span><\/div><div class=\"vc_row wpb_row vc_row-fluid\" ><div class=\"wpb_column vc_column_container vc_col-sm-12\"><div class=\"vc_column-inner\"><div class=\"wpb_wrapper\"><div class=\"vc_btn3-container vc_btn3-inline\" ><button class=\"vc_general vc_btn3 vc_btn3-size-md vc_btn3-shape-rounded vc_btn3-style-modern vc_btn3-color-green\">RESERVAR ARA<\/button><\/div><\/div><\/div><\/div><\/div>","protected":false},"excerpt":{"rendered":"<p>Aconsegueix les teves entrades d&#039;abonament per a Montana Redonda. Reserva ara el teu viatge a la muntanya i dina amb nosaltres mentre gaudeixes de les incre\u00efbles vistes i gaudeix del millor viatge segur de la teva vida.<\/p>\n<p><em><strong>Seleccioneu la data del Tour:\u00a0<\/strong><\/em><\/p>","protected":false},"featured_media":9163,"template":"","meta":[],"product_cat":[919,920,921,855,922],"product_tag":[176,211,210,268,192,296,267,171,209,440,441,299,212,297,222,298,269],"class_list":["post-12753","product","type-product","status-publish","has-post-thumbnail","hentry","product_cat-attractions","product_cat-group-tours","product_cat-mou","product_cat-outdoor-activities","product_cat-punta-cana-tours-and-excursions","product_tag-cano-hondo","product_tag-cano-hondo-hotel","product_tag-cano-hondo-tours","product_tag-caves-los-haitises","product_tag-day-tour-cano-hondo","product_tag-day-trip-punta-cana","product_tag-las-terrenas","product_tag-los-haitises","product_tag-los-haitises-national-park","product_tag-los-haitises-national-park-map","product_tag-los-haitises-national-park-tour-from-las-terrenas","product_tag-los-haitises-national-park-tours-excursions","product_tag-mangroves-los-haitises","product_tag-montana-redonda-tours-excursion","product_tag-punta-cana","product_tag-punta-cana-tours-excursions","product_tag-transportation-los-haitises"],"_links":{"self":[{"href":"https:\/\/www.boattoursamana.com\/ca\/wp-json\/wp\/v2\/product\/12753","targetHints":{"allow":["GET"]}}],"collection":[{"href":"https:\/\/www.boattoursamana.com\/ca\/wp-json\/wp\/v2\/product"}],"about":[{"href":"https:\/\/www.boattoursamana.com\/ca\/wp-json\/wp\/v2\/types\/product"}],"wp:featuredmedia":[{"embeddable":true,"href":"https:\/\/www.boattoursamana.com\/ca\/wp-json\/wp\/v2\/media\/9163"}],"wp:attachment":[{"href":"https:\/\/www.boattoursamana.com\/ca\/wp-json\/wp\/v2\/media?parent=12753"}],"wp:term":[{"taxonomy":"product_cat","embeddable":true,"href":"https:\/\/www.boattoursamana.com\/ca\/wp-json\/wp\/v2\/product_cat?post=12753"},{"taxonomy":"product_tag","embeddable":true,"href":"https:\/\/www.boattoursamana.com\/ca\/wp-json\/wp\/v2\/product_tag?post=12753"}],"curies":[{"name":"wp","href":"https:\/\/api.w.org\/{rel}","templated":true}]}}

Forfet d&#039;un dia de Montana Redonda Miches. Dinar inclòs.

<div class="vc_row wpb_row vc_row-fluid" ><div class="wpb_column vc_column_container vc_col-sm-12"><div class="vc_column-inner"><div class="wpb_wrapper"><div class="vc_btn3-container vc_btn3-inline" ><button class="vc_general vc_btn3 vc_btn3-size-md vc_btn3-shape-rounded vc_btn3-style-modern vc_btn3-color-green">RESERVAR ARA</button></div>
	<div class="wpb_text_column wpb_content_element" >
		<div class="wpb_wrapper">
			<h2><strong>Forfet d&#039;un dia de Montana Redonda Miches.</strong></h2>

		</div>
	</div>
</div></div></div></div><div class="vc_row wpb_row vc_row-fluid" ><div class="wpb_column vc_column_container vc_col-sm-12"><div class="vc_column-inner"><div class="wpb_wrapper">
	<div class="wpb_text_column wpb_content_element" >
		<div class="wpb_wrapper">
			<h3>Forfet d&#039;un dia de Montana Redonda Miches. Dinar inclòs.</h3>
<h4><b><i>Visió general </i></b></h4>
<p>Puja a un camió zafari i porta&#039;ns al cim mentre gaudeixes de vistes panoràmiques de la natura i l&#039;oceà. Quan arribis al cim tindràs l&#039;oportunitat de sorprendre&#039;t i enamorar-te de la bellesa de la narutaleza mentre fas unes fotos increïbles. Dinareu i temps per relaxar-vos en aquest paradís. Seguiu amb una vista panoràmica de 360 graus a la famosa muntanya de Montana Redonda, a 1000 peus d&#039;alçada, on gaudireu d&#039;un àpat mirant els ocells que volen i d&#039;una vista verda i espectacular de la natura.</p>
<p>Després d&#039;aquesta experiència, tornareu a The Safari per portar-vos al nostre punt de trobada.</p>
<ul>
<li style="font-weight: 400;">Tarifes incloses</li>
<li>Dinar</li>
<li>Transport des del punt de trobada.</li>
<li>Montana Redonda</li>
</ul>
<h4><b>Inclusions i exclusions</b></h4>
<p><b>Inclusions</b></p>
<ol>
<li>Montana Redonda</li>
<li>Dinar</li>
<li style="font-weight: 400;"><span style="font-weight: 400;">Tots els impostos, taxes i despeses de gestió</span></li>
<li style="font-weight: 400;"><span style="font-weight: 400;">Impostos locals</span></li>
<li style="font-weight: 400;"><span style="font-weight: 400;">Begudes</span></li>
<li style="font-weight: 400;"><span style="font-weight: 400;">Totes les activitats</span></li>
<li style="font-weight: 400;"><span style="font-weight: 400;">Guia local</span></li>
</ol>
<p><b> Exclusions</b></p>
<ol>
<li style="font-weight: 400;"><span style="font-weight: 400;">Propostes</span></li>
<li style="font-weight: 400;"><span style="font-weight: 400;">Begudes alcohòliques</span></li>
</ol>
<p>&nbsp;</p>
<h4><em><strong>Sortida i tornada</strong></em></h4>
<p><span style="font-weight: 400;">El viatger obtindrà un punt de trobada després del procés de reserva. Les visites comencen i acaben als vostres punts de trobada.</span></p>
<h4></h4>
<h3>Forfet d&#039;un dia de Montana Redonda Miches. Dinar inclòs.</h3>
<h4><b><i>Què esperar?</i></b></h4>
<p><em><strong>Aconsegueix les teves entrades</strong></em> per visitar la Montana Redonda a Miches, és un lloc inoblidable, en estar envoltat de la natura del camp, gaudir d&#039;una vista panoràmica, on el reflex de les llacunes es combinen amb la sortida del sol a la platja i la posta de sol amb el verd del muntanyes, aire pur i ocells cantors, pau i tranquil·litat que ens omple les ganes de quedar-nos.</p>
<div class="body-description secondary">
<p>Aquest lloc es fa un dinar típic, si ets vegà no et preocupis també tenim menjar per a tu!</p>
<p>Després de dinar, podeu decidir quan acabar el viatge.</p>
</div>
<p>En cas que us agradi aquest viatge més llarg o més curt, poseu-vos en contacte amb nosaltres.</p>
<p>&nbsp;</p>
<h4><em><strong>Què hauries de portar?</strong></em></h4>
<ul>
<li style="font-weight: 400;"><span style="font-weight: 400;">Càmera</span></li>
<li style="font-weight: 400;"><span style="font-weight: 400;">Brots repel·lents</span></li>
<li style="font-weight: 400;"><span style="font-weight: 400;">Crema per al sol</span></li>
<li style="font-weight: 400;"><span style="font-weight: 400;">Barret</span></li>
<li style="font-weight: 400;"><span style="font-weight: 400;">Pantalons còmodes</span></li>
<li style="font-weight: 400;"><span style="font-weight: 400;">Sabates de muntanya per al bosc</span></li>
</ul>
<p>&nbsp;</p>
<h4><b><i>Recollida a l&#039;hotel </i></b></h4>
<p><span style="font-weight: 400;">No s&#039;ofereix servei de recollida a l&#039;hotel per a aquesta excursió.<br />
</span></p>
<p>&nbsp;</p>
<p><b>Nota:</b><span style="font-weight: 400;"> Si feu la reserva dins de les 24 hores posteriors a l&#039;hora de sortida de l&#039;excursió/excursió, podem organitzar la recollida a l&#039;hotel amb càrrecs addicionals. Un cop completada la compra, us enviarem la informació de contacte completa (número de telèfon, adreça de correu electrònic, etc.) perquè el nostre guia local organitzi la recollida.</span></p>
<h4><b><i>Confirmació d&#039;informació addicional </i></b></h4>
<ol>
<li>Les entrades són el Rebut després de pagar aquest Tour. Podeu mostrar el pagament al vostre telèfon.</li>
<li style="font-weight: 400;"><span style="font-weight: 400;">El punt de trobada es rebrà després del procés de reserva.</span></li>
<li style="font-weight: 400;"><span style="font-weight: 400;">Els nens han d&#039;anar acompanyats d&#039;un adult.</span></li>
<li style="font-weight: 400;"><span style="font-weight: 400;"> No accessible amb cadira de rodes </span></li>
<li style="font-weight: 400;"><span style="font-weight: 400;">Els nadons han de seure a les faldes </span></li>
<li style="font-weight: 400;"><span style="font-weight: 400;">No recomanat per a viatgers amb problemes d&#039;esquena</span></li>
<li style="font-weight: 400;"><span style="font-weight: 400;">No recomanat per a viatgers embarassades </span></li>
<li style="font-weight: 400;"><span style="font-weight: 400;"> Sense problemes cardíacs ni altres afeccions mèdiques greus </span></li>
<li style="font-weight: 400;"><span style="font-weight: 400;">La majoria dels viatgers poden participar</span></li>
</ol>
<h4><b><i>Política de cancel · lació</i></b></h4>
<p>Per obtenir un reemborsament complet, llegiu les nostres polítiques de cancel·lacions <a href="https://www.boattoursamana.com/ca/reserva-en-linia/" target="_blank" rel="noopener" data-saferedirecturl="https://www.google.com/url?q=https://www.boattoursamana.com/online-booking/&amp;source=gmail&amp;ust=1672449202351000&amp;usg=AOvVaw1yAeVAPktmaVCqDujgUn90">Clica aquí</a>. Els fons es perdran si la reserva es cancel·la el mateix dia del viatge.</p>

		</div>
	</div>
</div></div></div></div><div class="vc_row wpb_row vc_row-fluid" ><div class="wpb_column vc_column_container vc_col-sm-12"><div class="vc_column-inner"><div class="wpb_wrapper"><div class="vc_empty_space"   style="height: 32px"><span class="vc_empty_space_inner"></span></div><div class="vc_btn3-container vc_btn3-inline" ><button class="vc_general vc_btn3 vc_btn3-size-md vc_btn3-shape-rounded vc_btn3-style-modern vc_btn3-color-green">RESERVAR ARA</button></div>
	<div class="wpb_video_widget wpb_content_element vc_clearfix   vc_video-aspect-ratio-169 vc_video-el-width-100 vc_video-align-left" >
		<div class="wpb_wrapper">
			<h2 class="wpb_heading wpb_video_heading">Vídeo de Montana Redonda:</h2>
			<div class="wpb_video_wrapper"><iframe loading="lazy" title="Montaña Redonda | Punta Cana | República Dominicana | Miches" width="1100" height="619" src="https://www.youtube.com/embed/VMXCABYGIYs?feature=oembed" frameborder="0" allow="accelerometer; autoplay; clipboard-write; encrypted-media; gyroscope; picture-in-picture" allowfullscreen></iframe></div>
		</div>
	</div>
<div class="vc_empty_space"   style="height: 32px"><span class="vc_empty_space_inner"></span></div></div></div></div></div><div class="vc_row wpb_row vc_row-fluid" ></div><div class="wpb_column vc_column_container vc_col-sm-12"><div class="vc_column-inner"><div class="wpb_wrapper"></div></div></div><div class="vc_empty_space"   style="height: 32px"><span class="vc_empty_space_inner"></span></div><div class="vc_empty_space"   style="height: 32px"><span class="vc_empty_space_inner"></span></div><div class="vc_row wpb_row vc_row-fluid" ><div class="wpb_column vc_column_container vc_col-sm-12"><div class="vc_column-inner"><div class="wpb_wrapper"><div class="vc_btn3-container vc_btn3-inline" ><button class="vc_general vc_btn3 vc_btn3-size-md vc_btn3-shape-rounded vc_btn3-style-modern vc_btn3-color-green">RESERVAR ARA</button></div></div></div></div></div>

<p>Aconsegueix les teves entrades d&#039;abonament per a Montana Redonda. Reserva ara el teu viatge a la muntanya i dina amb nosaltres mentre gaudeixes de les increïbles vistes i gaudeix del millor viatge segur de la teva vida.</p>
<p><em><strong>Seleccioneu la data del Tour: </strong></em></p>
