{"id":15777,"date":"2023-07-15T07:43:40","date_gmt":"2023-07-15T07:43:40","guid":{"rendered":"https:\/\/www.ticketswhales.com\/2-hours-hiking-rain-forest-los-haitises\/"},"modified":"2023-07-15T07:43:40","modified_gmt":"2023-07-15T07:43:40","slug":"2-hours-hiking-rain-forest-los-haitises","status":"publish","type":"page","link":"https:\/\/www.boattoursamana.com\/vi\/2-hours-hiking-rain-forest-los-haitises","title":{"rendered":"2 gi\u1edd \u0111i b\u1ed9 xuy\u00ean r\u1eebng nhi\u1ec7t \u0111\u1edbi Los Haitises"},"content":{"rendered":"<p><span style=\"vertical-align: inherit;\"><span style=\"vertical-align: inherit;\">Caminata 4 horas al Parque Nacional Los Haitises con un gu\u00eda tur\u00edstico local desde Sabana de la mar. <\/span><span style=\"vertical-align: inherit;\">Visitando las \u00e1reas de Selva Tropical, Cocos, Caf\u00e9 y Cacao. <\/span><span style=\"vertical-align: inherit;\">Aprendiendo sobre la history original del Parque Nacional Los Haitises.<\/span><\/span><br \/>\nN<br \/>\nN&Nbsp;<br \/>\nN<br \/>\nN<strong><span style=\"vertical-align: inherit;\"><span style=\"vertical-align: inherit;\">L\u1ef1a ch\u1ecdn c\u1ee7a Fecha para el viaje de senderismo:<\/span><\/span><\/strong><\/p>\n<p>&nbsp;<\/p>\n<div class=\"vc_row wpb_row vc_row-fluid\" ><div class=\"wpb_column vc_column_container vc_col-sm-12\"><div class=\"vc_column-inner\"><div class=\"wpb_wrapper\"><div class=\"vc_btn3-container vc_btn3-inline\" ><button class=\"vc_general vc_btn3 vc_btn3-size-md vc_btn3-shape-rounded vc_btn3-style-modern vc_btn3-color-green\">\u0110\u0102\u0323T B\u00c2Y GI\u1edc<\/button><\/div><div class=\"mkdf-section-title-holder\" style=\"text-align: left\">\n\t<div class=\"mkdf-st-inner\">\n\t\t\t\t\t<h5 class=\"mkdf-st-subtitle\" >\n\t\t\t\t\u0110i b\u1ed9 \u0111\u01b0\u1eddng d\u00e0i trong r\u1eebng m\u01b0a.\t\t\t<\/h5>\n\t\t\t\t\t\t\t<h3 class=\"mkdf-st-title\" >\n\t\t\t\tV\u01b0\u1eddn qu\u1ed1c gia Los Haitises - \u0110i b\u1ed9 4 gi\u1edd Sendero del Bosque Humedo (\u0110\u01b0\u1eddng m\u00f2n r\u1eebng \u1ea9m).\t\t\t<\/h3>\n\t\t\t\t\t\t\t<p class=\"mkdf-st-text\" >\n\t\t\t\tTr\u1ea3i nghi\u1ec7m n\u00e0y c\u1ea7n t\u1ed1i thi\u1ec3u 4 ng\u01b0\u1eddi tham gia. N\u1ebfu b\u1ea1n kh\u00f4ng ph\u1ea3i l\u00e0 4 xin vui l\u00f2ng li\u00ean h\u1ec7 v\u1edbi ch\u00fang t\u00f4i!\t\t\t<\/p>\n\t\t\t<\/div>\n<\/div><\/div><\/div><\/div><\/div><div class=\"vc_row wpb_row vc_row-fluid\" ><\/div><div class=\"wpb_column vc_column_container vc_col-sm-12\"><div class=\"vc_column-inner\"><div class=\"wpb_wrapper\"><\/div><\/div><\/div>\n\t<div class=\"wpb_text_column wpb_content_element\" >\n\t\t<div class=\"wpb_wrapper\">\n\t\t\t<p>\nN<br \/>\nT\u00f4i l\u00e0 kh\u1ed1i v\u0103n b\u1ea3n. Nh\u1ea5p v\u00e0o n\u00fat ch\u1ec9nh s\u1eeda \u0111\u1ec3 thay \u0111\u1ed5i v\u0103n b\u1ea3n n\u00e0y. Lorem ipsum dolor sit amet, consectetur adipiscing elit. Ut elit tellus, luctus nec ullamcorper mattis, pulvinar dapibus leo.<br \/>\nN<br \/>\nN<\/p>\n\n\t\t<\/div>\n\t<\/div>\n<div class=\"vc_row wpb_row vc_row-fluid\" ><\/div><div class=\"wpb_column vc_column_container vc_col-sm-12\"><div class=\"vc_column-inner\"><div class=\"wpb_wrapper\"><\/div><\/div><\/div><div class=\"vc_empty_space\"   style=\"height: 32px\"><span class=\"vc_empty_space_inner\"><\/span><\/div><div class=\"vc_empty_space\"   style=\"height: 32px\"><span class=\"vc_empty_space_inner\"><\/span><\/div><div class=\"vc_row wpb_row vc_row-fluid\" ><div class=\"wpb_column vc_column_container vc_col-sm-12\"><div class=\"vc_column-inner\"><div class=\"wpb_wrapper\"><div class=\"vc_btn3-container vc_btn3-inline\" ><button class=\"vc_general vc_btn3 vc_btn3-size-md vc_btn3-shape-rounded vc_btn3-style-modern vc_btn3-color-green\">\u0110\u0102\u0323T B\u00c2Y GI\u1edc<\/button><\/div><\/div><\/div><\/div><\/div>","protected":false},"excerpt":{"rendered":"<p>Caminata 4 horas al Parque Nacional Los Haitises con un gu\u00eda tur\u00edstico local desde Sabana de la mar. Visitando las \u00e1reas de Selva Tropical, Cocos, Caf\u00e9 y Cacao. Aprendiendo sobre la historia original del Parque Nacional Los Haitises. n n&nbsp; n nSeleccione la fecha para el viaje de senderismo: &nbsp;<\/p>","protected":false},"author":2,"featured_media":0,"parent":0,"menu_order":0,"comment_status":"open","ping_status":"closed","template":"","meta":{"footnotes":""},"class_list":["post-15777","page","type-page","status-publish","hentry"],"_links":{"self":[{"href":"https:\/\/www.boattoursamana.com\/vi\/wp-json\/wp\/v2\/pages\/15777","targetHints":{"allow":["GET"]}}],"collection":[{"href":"https:\/\/www.boattoursamana.com\/vi\/wp-json\/wp\/v2\/pages"}],"about":[{"href":"https:\/\/www.boattoursamana.com\/vi\/wp-json\/wp\/v2\/types\/page"}],"author":[{"embeddable":true,"href":"https:\/\/www.boattoursamana.com\/vi\/wp-json\/wp\/v2\/users\/2"}],"replies":[{"embeddable":true,"href":"https:\/\/www.boattoursamana.com\/vi\/wp-json\/wp\/v2\/comments?post=15777"}],"version-history":[{"count":0,"href":"https:\/\/www.boattoursamana.com\/vi\/wp-json\/wp\/v2\/pages\/15777\/revisions"}],"wp:attachment":[{"href":"https:\/\/www.boattoursamana.com\/vi\/wp-json\/wp\/v2\/media?parent=15777"}],"curies":[{"name":"wp","href":"https:\/\/api.w.org\/{rel}","templated":true}]}}

2 giờ đi bộ xuyên rừng nhiệt đới Los Haitises

<p><span style="vertical-align: inherit;"><span style="vertical-align: inherit;">Caminata 4 horas al Parque Nacional Los Haitises con un guía turístico local desde Sabana de la mar. </span><span style="vertical-align: inherit;">Visitando las áreas de Selva Tropical, Cocos, Café y Cacao. </span><span style="vertical-align: inherit;">Aprendiendo sobre la history original del Parque Nacional Los Haitises.</span></span><br />
N<br />
N&Nbsp;<br />
N<br />
N<strong><span style="vertical-align: inherit;"><span style="vertical-align: inherit;">Lựa chọn của Fecha para el viaje de senderismo:</span></span></strong></p>
<p>&nbsp;</p>
<div class="vc_row wpb_row vc_row-fluid" ><div class="wpb_column vc_column_container vc_col-sm-12"><div class="vc_column-inner"><div class="wpb_wrapper"><div class="vc_btn3-container vc_btn3-inline" ><button class="vc_general vc_btn3 vc_btn3-size-md vc_btn3-shape-rounded vc_btn3-style-modern vc_btn3-color-green">ĐẶT BÂY GIỜ</button></div><div class="mkdf-section-title-holder" style="text-align: left">
	<div class="mkdf-st-inner">
					<h5 class="mkdf-st-subtitle" >
				Đi bộ đường dài trong rừng mưa.			</h5>
							<h3 class="mkdf-st-title" >
				Vườn quốc gia Los Haitises - Đi bộ 4 giờ Sendero del Bosque Humedo (Đường mòn rừng ẩm).			</h3>
							<p class="mkdf-st-text" >
				Trải nghiệm này cần tối thiểu 4 người tham gia. Nếu bạn không phải là 4 xin vui lòng liên hệ với chúng tôi!			</p>
			</div>
</div></div></div></div></div><div class="vc_row wpb_row vc_row-fluid" ></div><div class="wpb_column vc_column_container vc_col-sm-12"><div class="vc_column-inner"><div class="wpb_wrapper"></div></div></div>
	<div class="wpb_text_column wpb_content_element" >
		<div class="wpb_wrapper">
			<p>
N<br />
Tôi là khối văn bản. Nhấp vào nút chỉnh sửa để thay đổi văn bản này. Lorem ipsum dolor sit amet, consectetur adipiscing elit. Ut elit tellus, luctus nec ullamcorper mattis, pulvinar dapibus leo.<br />
N<br />
N</p>

		</div>
	</div>
<div class="vc_row wpb_row vc_row-fluid" ></div><div class="wpb_column vc_column_container vc_col-sm-12"><div class="vc_column-inner"><div class="wpb_wrapper"></div></div></div><div class="vc_empty_space"   style="height: 32px"><span class="vc_empty_space_inner"></span></div><div class="vc_empty_space"   style="height: 32px"><span class="vc_empty_space_inner"></span></div><div class="vc_row wpb_row vc_row-fluid" ><div class="wpb_column vc_column_container vc_col-sm-12"><div class="vc_column-inner"><div class="wpb_wrapper"><div class="vc_btn3-container vc_btn3-inline" ><button class="vc_general vc_btn3 vc_btn3-size-md vc_btn3-shape-rounded vc_btn3-style-modern vc_btn3-color-green">ĐẶT BÂY GIỜ</button></div></div></div></div></div>

<p>Caminata 4 horas al Parque Nacional Los Haitises con un guía turístico local desde Sabana de la mar. Visitando las áreas de Selva Tropical, Cocos, Café y Cacao. Aprendiendo sobre la historia original del Parque Nacional Los Haitises. n n&nbsp; n nSeleccione la fecha para el viaje de senderismo: &nbsp;</p>
